i(m) = m**3 - 13*m**2 + 16*m - 26. Give i(12).
22
Let k(r) = -2*r**2 + r + 8. Calculate k(4).
-20
Let a(x) = 44*x - 266. Calculate a(7).
42
Let l(z) = z**3 + 13*z**2 + 8*z - 50. Give l(-12).
-2
Let v(s) = s**2 + 6*s + 9. What is v(-4)?
1
Let z(b) = 7*b - 60. Calculate z(13).
31
Let b(q) = q**3 - 10*q**2 + 9*q - 8. Determine b(9).
-8
Let f(r) = -2*r**2 - 2*r + 2. Calculate f(-3).
-10
Let o(p) = -15*p - 156. What is o(-14)?
54
Let d(v) = 6*v - 27. What is d(11)?
39
Let r(z) = -z**2 + 12*z. Calculate r(10).
20
Let l(d) = -2*d**2 - 48*d - 51. Give l(-23).
-5
Let w(y) = y**3 - 7*y**2 - 2*y + 18. Determine w(7).
4
Let u(f) = -f**3 - 12*f**2 + 12*f + 8. Give u(-13).
21
Let r(u) = 44*u + 339. Calculate r(-7).
31
Let q(j) = -2*j**2 - 2*j - 1. Determine q(1).
-5
Let c(l) = -4*l - 2. Give c(5).
-22
Let c(p) = -3*p**2 - 4. What is c(-4)?
-52
Let c(x) = 19*x + 104. Determine c(-5).
9
Let d(k) = -4*k + 10. What is d(-11)?
54
Let f(r) = r + 6. Calculate f(-7).
-1
Let n(x) = -x**3 - 7*x**2 - 2*x + 10. What is n(-7)?
24
Let c(x) = 4*x**3 - x**2 - 3*x - 2. Determine c(-1).
-4
Let c(j) = -78*j - 229. Give c(-3).
5
Let d(x) = -x**2 + x - 2. Calculate d(0).
-2
Let r(m) = m**3 - 30*m**2 + 31*m - 66. Calculate r(29).
-8
Let j(s) = -s**3 - 7*s**2 - 5*s + 2. What is j(-6)?
-4
Let f(g) = -10*g**2 - 8*g - 7. Calculate f(-3).
-73
Let c(r) = -r**2 + 3*r + 9. What is c(4)?
5
Let l(c) = -c**2 - 3*c - 3. Determine l(-6).
-21
Let p(d) = d + 11. Determine p(-11).
0
Let u(g) = -g**3 - g**2 - 2*g. What is u(-3)?
24
Let x(f) = -f**3 + 2*f**2 + 61*f + 12. Determine x(9).
-6
Let g(f) = 3*f**2 + 6*f - 5. What is g(-5)?
40
Let c(y) = 8*y + 78. Give c(-7).
22
Let w(a) = -28*a + 2. What is w(-1)?
30
Let f(s) = s**3 - 24*s**2 - s + 22. Give f(24).
-2
Let w(u) = u**2 - 6*u - 15. Calculate w(12).
57
Let n(q) = -q**2 - 3*q. Give n(-4).
-4
Let y(r) = -r + 12. Give y(2).
10
Let g(k) = -k**2 - 12*k - 7. Calculate g(-11).
4
Let c(t) = -271*t - 807. Determine c(-3).
6
Let a(u) = 2*u**2 - 4*u + 1. Determine a(3).
7
Let b(q) = -4*q - 16. Determine b(-5).
4
Let x(w) = -4*w - 12. Calculate x(-5).
8
Let v(a) = -a**3 + 3*a**2 - 3*a. Give v(3).
-9
Let f(g) = -g**2 + 11*g + 3. Give f(11).
3
Let r(m) = -m**3 - 4*m**2 + 15*m + 15. Calculate r(-6).
-3
Let g(i) = -5*i - 21. What is g(-14)?
49
Let v(f) = f**3 - 6*f**2 + 9*f - 5. Give v(6).
49
Let n(y) = -15*y**2 + 3*y + 10. Determine n(3).
-116
Let g(t) = 2*t - 54. What is g(17)?
-20
Let i(v) = 30*v - 459. What is i(15)?
-9
Let x(h) = -h**3 - 6*h**2 + 14*h + 18. Calculate x(-8).
34
Let j(f) = -f**2 - 4*f - 3. Determine j(-2).
1
Let c(b) = 16*b + 137. Give c(-9).
-7
Let o(f) = f**3 - 5*f**2 + f + 1. What is o(4)?
-11
Let b(n) = 2*n. What is b(-3)?
-6
Let z(y) = -8*y + 5. Calculate z(4).
-27
Let f(j) = 2*j - 71. Calculate f(33).
-5
Let h(l) = 3*l**3 - 2*l**2 - 2*l - 1. What is h(-1)?
-4
Let k(r) = r**2 - 5*r - 755. Determine k(30).
-5
Let x(j) = 9*j**2 + 4*j + 5. Give x(-2).
33
Let z(j) = j - 2. Calculate z(7).
5
Let j(y) = 88*y + 1. What is j(-1)?
-87
Let w(g) = -g**3 - g**2 + 2*g + 2. Give w(-4).
42
Let j(w) = w**3 - 4*w**2 - 7*w - 2. Determine j(6).
28
Let r(b) = b**3 - 22*b**2 - 8. Calculate r(22).
-8
Let h(u) = 6*u**2 - 198*u - 8. What is h(33)?
-8
Let c(b) = 4*b + 8. Calculate c(7).
36
Let x(a) = -2*a**3 + 4*a**2 + a - 2. What is x(3)?
-17
Let y(w) = w - 5. What is y(13)?
8
Let b(c) = c**2 - 13*c - 11. Give b(17).
57
Let s(j) = -4*j**2 - 5. Determine s(3).
-41
Let f(j) = j**2 + 3*j - 2. Determine f(-3).
-2
Let f(i) = -3*i - 2. Determine f(3).
-11
Let v(j) = -j**3 - j**2 - 15. Determine v(0).
-15
Let v(a) = a**3 - 6*a**2 - 10*a + 19. What is v(7)?
-2
Let u(m) = 2*m + 1. What is u(-3)?
-5
Let s(f) = -f + 21. Give s(-14).
35
Let h(j) = -2*j + 32. Determine h(16).
0
Let c(n) = n**2 - 9*n + 35. Give c(4).
15
Let p(g) = g**3 - 7*g**2 + 4*g + 17. Give p(6).
5
Let l(h) = -h**2 + 4*h + 6. What is l(5)?
1
Let q(l) = -l**2 + 4*l + 1. What is q(8)?
-31
Let a(g) = 2*g**2 + 17*g + 10. What is a(-7)?
-11
Let t(l) = -5*l**2 - 10*l - 12. Give t(-1).
-7
Let j(m) = -2*m**2 - 52*m + 9. Calculate j(-26).
9
Let a(s) = 5*s - 7. Give a(7).
28
Let s(t) = 43*t - 257. Calculate s(6).
1
Let t(u) = -u**3 + 9*u**2 - 7*u - 5. Calculate t(9).
-68
Let f(x) = -x**2 + 7*x + 9. Determine f(7).
9
Let j(w) = w**3 - 8*w**2 + 2*w - 15. Calculate j(8).
1
Let u(a) = -a**3 + 4*a**2 - 4*a + 9. What is u(4)?
-7
Let r(u) = -u**3 + 28*u**2 + u - 3. Determine r(28).
25
Let g(i) = 5*i - 27. What is g(5)?
-2
Let o(p) = 37*p**3 + p**2 + 2*p - 3. Determine o(1).
37
Let t(f) = f**3 - 11*f**2 + 24*f + 51. What is t(7)?
23
Let d(t) = 5*t - 41. Determine d(8).
-1
Let q(i) = -3*i - 1. Give q(-2).
5
Let t(u) = u**2 + 3*u - 4. Give t(-5).
6
Let n(z) = -2*z**3 + 19*z**2 + 11*z - 2. What is n(10)?
8
Let l(s) = -11*s**2 + s + 8. What is l(2)?
-34
Let v(x) = -x - 10. What is v(6)?
-16
Let y(t) = -t**3 - 6*t**2 + 9*t + 1. Calculate y(-7).
-13
Let z(l) = 4*l**3 - 4*l - 2. Give z(-2).
-26
Let l(c) = 3*c**2 - c + 1. Calculate l(4).
45
Let x(q) = -2*q**2 - 4*q - 7. Calculate x(-2).
-7
Let q(v) = 3*v + 6. What is q(6)?
24
Let n(d) = d**3 - 4*d**2 - 6*d + 2. What is n(4)?
-22
Let x(b) = b**3 - 14*b**2 + 2*b + 3. What is x(14)?
31
Let f(p) = -p**3 + 14*p**2 - 2*p - 24. Give f(14).
-52
Let b(u) = -17*u + 68. What is b(4)?
0
Let p(x) = x**2 + 11*x - 8. Determine p(-9).
-26
Let b(f) = -2*f**2 + 81*f + 30. Calculate b(41).
-11
Let o(g) = 42*g**3 + 2*g**2 + g. Calculate o(-1).
-41
Let r(l) = -l**3 + 2*l**2 + 6*l - 3. Calculate r(4).
-11
Let l(n) = -n**3 - 5*n**2 + 5*n + 35. What is l(-4)?
-1
Let c(m) = -m**2 + 4. Calculate c(0).
4
Let p(j) = -j**2 + j + 5. What is p(-3)?
-7
Let r(q) = q**2 - 6*q + 13. Calculate r(6).
13
Let h(g) = -g**3 - 10*g**2 + 9*g - 15. Determine h(-11).
7
Let k(q) = -7*q**2 - 2*q - 16. Calculate k(-4).
-120
Let m(s) = -7*s + 203. Determine m(31).
-14
Let a(p) = -4*p**2 - 3*p - 1. Calculate a(4).
-77
Let p(z) = -z**2 - 6*z + 22. Calculate p(-8).
6
Let y(m) = m**3 + 8*m**2 - 9*m + 8. Give y(-9).
8
Let q(j) = 9*j - 12. What is q(2)?
6
Let o(k) = k**3 + 2*k**2 - 4*k + 2. Determine o(2).
10
Let x(z) = -z**3 + 9*z**2 + 2*z + 6. Give x(9).
24
Let y(s) = 2*s - 2. Give y(-7).
-16
Let i(h) = 3*h**3 + 3*h**2 - 3*h + 4. Give i(-3).
-41
Let v(q) = -q**3 + 28*q**2 + q - 29. Calculate v(28).
-1
Let g(q) = -349*q - 697. Determine g(-2).
1
Let f(v) = -v**2 + 20*v + 142. Calculate f(-5).
17
Let n(o) = -o**2 - 18*o + 228. Determine n(-26).
20
Let l(t) = 15*t + 393. Determine l(-27).
-12
Let w(u) = 29*u - 25. What is w(1)?
4
Let c(x) = x**2 - 5*x. Determine c(2).
-6
Let w(d) = -3*d**3 - 34*d**2 - 10*d + 3. Determine w(-11).
-8
Let y(i) = -11*i - 225. Determine y(-21).
6
Let b(q) = 12*q + 57. What is b(-5)?
-3
Let m(k) = -17*k**2 - k - 2. What is m(3)?
-158
Let w(o) = 106*o + 1046. What is w(-10)?
-14
Let z(s) = s**3 + 3*s**2 - 10*s - 4. What is z(-4)?
20
Let x(r) = r**2 + 25*r + 76. Calculate x(-21).
-8
Let c(o) = 6*o - 32. What is c(7)?
10
Let i(p) = -p**2 - 4*p - 22. What is i(-9)?
-67
Let p(x) = -x**3 + 11*x**2 + 11*x + 37. What is p(12)?
25
Let q(f) = f**2 + 2*f - 6. Give q(4).
18
Let p(s) = -2*s**3 + 11*s**2 - 20*s + 7. Calculate p(3).
-8
Let u(r) = -12*r - 40. Determine u(-5).
20
Let l(m) = -m**2 + 4*m + 1. What is l(5)?
-4
Let s(a) = -3*a + 26. What is s(6)?
8
Let l(x) = -x**2 - 12*x - 8. Determine l(-6).
28
Let j(c) = -c**2 + 3*c - 1. Give j(6).
-19
Let a(p) = -6*p**3 + p**2 + p + 1. Calculate a(2).
-41
Let g(j) = -3*j - 2. What is g(-6)?
16
Let w(i) = -i**3 - 23*i**2 - i - 19. Determine w(-23).
4
Let w(s) = -2*s**2. Determine w(1).
-2
Let s(a) = a**3 - 5*a**2 - 11*a - 16. Calculate s(8).
88
Let n(j) = -2*j**3 + 30*j**2 + 31*j - 2. Determine n(16).
-18
Let i(n) = -3*n. What is i(12)?
-36
Let l(x) = -x**3 + 9*x**2 + 5*x + 43. Calculate l(10).
-7
Let m(q) = -3*q - 10. Determine m(3).
-19
Let q(s) = -45*s + 3. Determine q(1).
-42
Let d(i) = i**2 - 5*i - 3. Determine d(6).
3
Let w(z) = z**2 + 4*z + 1. What is w(-3)?
-2
Let i(y) = y**2 + 56*y + 159. What is i(-3)?
0
Let s(h) = 2*h**3 - 5*h**2 - 3*h + 3. Calculate s(-3).
-87
Let g(x) = -x**3 - 7*x**2 - 8*x + 3. What is g(-6)?
15
Let o(j) = j + 9. Calculate o(-10).
-1
Let h(z) = -z - 7. What is h(-6)?
-1
Let m(w) = -w**2 + 10*w - 2. Give m(5).
23
Let b(u) = -u**3 - 14*